 - -126)*(0/(-2) + 2) is divided by 16?
14
Calculate the remainder when 0 + 372/(6 - 3) is divided by 25.
24
Let h = -2 + 7. Suppose m - x - 20 - 3 = 0, -h*m + x = -95. What is the remainder when 52 is divided by m?
16
Suppose 0 = 4*q + 3 - 19. Suppose -3*t = -q*t + 4, 3*i + 4*t - 154 = 0. Calculate the remainder when i is divided by (18 + -20)/(26/(-12) - -2).
10
Let q(w) be the second derivative of -w**4/12 - 5*w**3/3 + 2*w**2 - w. Let h be 2 + -2 + 0 + -9. Calculate the remainder when 37 is divided by q(h).
11
Let t = 73 - 30. Let q(v) = v**2 + 8*v + 2. Let k be q(-8). Suppose 0 = -k*g - 2*g + 60. What is the remainder when t is divided by g?
13
Let l = -2 - -5. Suppose s + f - 8 = 0, -s - 2*f = l*s - 26. Suppose -2*o = o - 9. Calculate the remainder when s is divided by o.
2
Let t(n) be the third derivative of n**5/60 - n**4/6 + 5*n**3/6 + 7*n**2. What is the remainder when 32 is divided by t(6)?
15
Let g be (-117)/54 - (-1)/6. What is the remainder when (g/(-3))/((-6)/(-297)) is divided by 9?
6
Let j be -5*1*(-3)/1. What is the remainder when (-2 - 2)*j/(-4) is divided by 4?
3
Let w = -7 - -5. What is the remainder when 16 is divided by 6/(w/(-1))*2?
4
Let k = -51 - -76. What is the remainder when 46 is divided by k?
21
Let q = 37 - 25. Calculate the remainder when 45 is divided by q.
9
Let c(j) be the second derivative of -j**3/6 + 3*j**2/2 + 3*j. Suppose -3*t - 16 = -7*t. Calculate the remainder when c(-7) is divided by t.
2
Let b be 1500/8*(-3 + 5). Calculate the remainder when -4*(b/6)/(-5) is divided by 13.
11
Let i = -6 - -28. What is the remainder when ((-118)/2)/(1/(-1)) is divided by i + 1/(-1) - 1?
19
Let p(l) = -6*l + 12. Let v be p(10). Let o = -30 - v. What is the remainder when 71 is divided by o?
17
Let s(x) = 2*x + 24. What is the remainder when 66 is divided by s(5)?
32
Let m = 17 - 29. Let z = -5 - m. Let b = 15 - z. What is the remainder when b is divided by 3?
2
What is the remainder when 51 is divided by 45/4 - 6/24?
7
Suppose -3*s + 0*s = -3, 0 = -j + 3*s - 3. Suppose -2*f = -j*f - 166. Calculate the remainder when f is divided by 21.
20
Let g(j) = -j**2 - j + 95. What is the remainder when g(0) is divided by 32?
31
Let m = 10 + -3. Calculate the remainder when 20 is divided by m.
6
Suppose 0 = -3*p + 5*p + 6. What is the remainder when ((-34)/5)/(3/(-15)) is divided by (p + 2)*(-11 + -1)?
10
Let j = 5 + 12. Calculate the remainder when j is divided by 5.
2
Suppose -q - 23 + 93 = 0. Suppose 7*f - 2*f = q. Calculate the remainder when 39 is divided by f.
11
Let o(q) = -q + 295. Let s be o(0). Suppose 2*f - s = -3*f. Calculate the remainder when f is divided by 12.
11
Let m be (-9)/(-4) - (-6)/(-24). Suppose m*p + 18 = 3*p. Calculate the remainder when 53 is divided by p.
17
Suppose -3 + 85 = 2*a. Suppose -3*p + 3*r = r - a, -r + 7 = p. Suppose 8 - 14 = -d. Calculate the remainder when p is divided by d.
5
Let a = -28 - -72. Suppose g = -g - a. Let t = g + 68. Calculate the remainder when t is divided by 24.
22
Let j(k) be the second derivative of -k**4/4 + k**3/6 + 3*k. Let p be j(2). What is the remainder when 4 is divided by 4/p + (-17)/(-5)?
1
Let g = 0 - -1. Calculate the remainder when 29 is divided by 69/9 + g/3.
5
Suppose 2*y - 1 = -5*g + 16, -5*g = -2*y - 13. Suppose g*v = -v + 72. Suppose 4*l - 5*l + 52 = 0. Calculate the remainder when l is divided by v.
16
Let x(f) = -f**2 - 8*f + 9. Suppose 4*c + 18 = 2*k - 3*k, -2*c - 5*k - 18 = 0. Calculate the remainder when x(-7) is divided by (-194)/(-22) + c/(-22).
7
Let p(g) = -g + 2. Let h be p(5). Let x(o) = -o**3 - 3*o**2 - o. Let t be x(h). Calculate the remainder when 6 is divided by 6 - t*6/9.
2
Let c = 7 + 6. What is the remainder when 50 is divided by c?
11
Let b = 7 - 4. Let f = 5 - b. Suppose -60 = -4*j + y, -j = f*j + 2*y - 56. Calculate the remainder when 31 is divided by j.
15
Let z = -137 - -230. Calculate the remainder when z is divided by 32.
29
Let u(t) = 6*t + 1. Let m be (4/10)/((-2)/(-10)). Calculate the remainder when 50 is divided by u(m).
11
Let g(m) = m**3 - 7*m**2 + 7*m - 8. Calculate the remainder when g(7) is divided by 14.
13
Let f(a) = 9*a**2 - a. Let x be f(2). Let v = x + -11. Let c = 32 - v. Calculate the remainder when c is divided by 4.
1
Suppose 38 + 14 = 4*k. Let q = 2 + 0. Suppose -2*v = -4*z - 0*v + 34, -2*v = q*z - 8. What is the remainder when k is divided by z?
6
Calculate the remainder when 2/(-11) - (-4520)/55 is divided by 21.
19
Let d = -30 + 65. Suppose -4*w + 0*k + 10 = -2*k, -d = -4*w - 3*k. Suppose -2*u + r + 26 = 3*r, 1 = -r. What is the remainder when u is divided by w?
4
Let f be 1/3 + (-14)/6. Let h(p) = -p + 4. Let t be h(1). What is the remainder when t/6*f - -19 is divided by 10?
8
Let x(l) = 0 - 3*l**2 - 3*l**3 - 4 - 4*l + l**3. Let g(k) = -2*k + 11. Let o be g(7). What is the remainder when x(o) is divided by 12?
11
Let q(c) = 2*c**2 - 4*c - 5. Let d = 12 + -8. Suppose -3*i + 5*r - 6 = 0, -r = -3*i - 5*r + 21. What is the remainder when q(d) is divided by i?
2
Let s(b) = -10*b + 3. Let x be s(2). Let u = x - -39. What is the remainder when 85 is divided by u?
19
Let i = -20 + 33. What is the remainder when 49 is divided by i?
10
Suppose 5*a + 2*b - 21 = 0, -4*b + 3*b - 12 = -5*a. Let m(s) = 2*s**2 + 1. What is the remainder when a is divided by m(1)?
0
Suppose 4*d - 40 = -5*h + d, -5 = 3*h - 4*d. What is the remainder when 13 is divided by h?
3
Suppose -u - 4 = 0, -g + 3*u + 2*u + 21 = 0. What is the remainder when g/(-3) - 80/(-6) is divided by 5?
3
Let y be 2/(-8) + 54/(-8). What is the remainder when y/(3/6*-1) is divided by 5?
4
Let t(d) = 3*d**2 - 22*d + 10. Let q be t(15). Suppose -5*a - 70 = -q. Calculate the remainder when a is divided by 15.
12
Suppose 4 = 3*s - 5. Suppose -5*d - 5*f + 30 = 0, -2*d = -5*d + 2*f + 8. What is the remainder when s/2*(1 + 5) is divided by d?
1
Let p be -2 + 15/3 + -1. Let s = p - 1. Suppose 0*g - 4*g = -8. What is the remainder when g is divided by s?
0
Let b = -22 + 73. Calculate the remainder when b is divided by 18.
15
Calculate the remainder when 1/6 - 226/(-12) is divided by 11.
8
Calculate the remainder when 18/(-24) - 1075/(-20) is divided by 19.
15
Let l = -20 - -26. What is the remainder when l is divided by 3?
0
Calculate the remainder when 43 is divided by 4/9 - (-96)/27.
3
Let d(y) = y**2 - 6*y - 11. Let q be d(8). Suppose q*r = -l + 34, l - r - 2*r = 42. Calculate the remainder when l is divided by 14.
11
Let w(i) = 4*i**3 + 1. Let o(x) = x**2 - 5*x - 5. Let k be o(6). Let s = -1284 + 1292. What is the remainder when s is divided by w(k)?
3
Suppose 6*t - 178 = 5*t. Suppose -t = -4*c + 3*l, c + 3*l = -0*c + 52. What is the remainder when c is divided by 16?
14
Suppose -4*d + 5 = -3*d. Suppose -23 = 5*j + 7. Let h(f) = -4*f - 7. What is the remainder when h(j) is divided by d?
2
Let s = -19 + 40. What is the remainder when 41 is divided by s?
20
Suppose 0 = -4*v - 3*o - 3, -3*v - 6 = 3*o. Suppose -13 = -v*r + 2*r. Calculate the remainder when 50 is divided by r.
11
Let h(x) = x - 3. Let w be h(7). Suppose w*d = d + 15. Calculate the remainder when 9 is divided by d.
4
Suppose -11*s + 909 + 642 = 0. Calculate the remainder when s is divided by 36.
33
Let n(f) = -11*f - 6. What is the remainder when n(-5) is divided by 26?
23
Let f(h) = h + 7. Let w be f(-8). Let b = w + 2. Calculate the remainder when 1 is divided by b.
0
What is the remainder when (408/40)/((-2)/(-10)) is divided by 13?
12
Suppose -3*x = -8*x + 95. Let w(h) = 10*h**2 - h. Calculate the remainder when x is divided by w(-1).
8
Suppose 3*d + 2*d = 165. Suppose 0 = -4*s + s. Suppose z - 3 = s, 0 = -3*t + z - 3*z + 57. Calculate the remainder when d is divided by t.
16
Suppose -q = 2*q - 9. Suppose -5*s + 0*f = q*f - 33, 3*f = -2*s + 6. What is the remainder when s is divided by 5?
4
Let x(k) = 31*k + 3. Let b be x(-8). Calculate the remainder when (-4)/6 - b/21 is divided by 4.
3
Suppose 0 = -14*v + 10*v + 120. What is the remainder when 57 is divided by v?
27
Let b = -8 - -13. Let f(j) = j**2 + j - 4. Let x = 3 + 4. Calculate the remainder when f(b) is divided by x.
5
Let z(u) = 44*u**2 - u - 1. Let d be z(-1). Suppose -4*j - l = -41 - 135, 2*l = -j + d. Calculate the remainder when j is div